MONTHLY CLIMATOLOGICAL SUMMARY for MAY. 2016

NAME: Alresford Weather   CITY:  STATE: 
ELEV: 0 LAT: 050:05:15 LONG: 0001:10:11

                            TEMPERATURE ( C), RAIN (mm), WIND SPEED (mph)

                                               HEAT     COOL           AVG
      MEAN                                     DEG      DEG            WIND                       DOM
DAY   TEMP    HIGH   TIME     LOW    TIME      DAYS     DAYS    RAIN   SPEED    HIGH    TIME      DIR
----------------------------------------------------------------------------------------------------------------------------------------------------------
01    08.2    15.5   15:11   -00.3   06:07     10.1     00.0   00.00   02.9     17.3    15:23      SW
02    11.1    15.3   14:11    06.8   00:00     07.2     00.0   00.06   04.8     21.9    19:38      SW
03    09.0    14.6   18:15    01.9   06:31     09.3     00.0   00.00   02.3     19.6    13:01      W 
04    09.7    17.0   16:35    01.7   06:23     08.6     00.0   00.00   02.2     18.4    12:16     SSE
05    12.3    20.2   16:15    02.6   05:37     06.0     00.0   00.00   02.6     19.6    13:39      SE
06    14.7    22.8   14:53    05.3   05:39     03.6     00.0   00.00   01.3     13.8    15:17     ESE
07    17.6    23.9   12:58    12.7   02:44     00.7     00.0   00.00   01.7     18.4    17:02      SE
08    19.6    25.9   15:30    12.5   02:37     00.0     01.3   00.00   02.7     20.7    15:17     ESE
09    18.1    22.7   13:45    15.6   04:51     00.2     00.0   00.01   02.1     23.0    12:58      E 
10    16.2    18.2   14:33    14.9   06:19     02.1     00.0   00.27   00.4     09.2    15:27      SE
11    16.3    20.3   14:22    14.3   04:33     02.0     00.0   00.39   00.5     12.7    15:14      SE
12    17.6    23.7   16:06    12.7   07:43     00.7     00.0   00.01   00.9     14.9    06:37     NNE
13    13.9    20.0   14:01    09.2   23:55     04.4     00.0   00.00   02.3     21.9    13:03      N 
14    10.5    15.4   15:52    06.2   05:58     07.8     00.0   00.00   01.1     13.8    10:38     NNW
15    10.9    17.3   14:52    02.9   05:47     07.4     00.0   00.00   01.2     12.7    17:17     WNW
16    12.5    18.4   16:25    05.8   06:23     05.8     00.0   00.00   01.6     14.9    16:47      NW
17    12.1    17.9   13:56    06.4   05:28     06.2     00.0   00.00   02.0     18.4    15:10      SW
18    11.4    13.6   14:14    09.2   23:57     06.9     00.0   00.69   02.2     18.4    03:15     SSW
19    12.3    18.3   14:23    07.3   02:45     06.0     00.0   00.02   03.2     18.4    15:33      W 
20    14.0    18.6   14:34    11.8   06:14     04.3     00.0   00.04   03.5     17.3    11:23      SW
21    13.4    15.4   13:02    11.4   23:59     04.9     00.0   00.33   03.9     20.7    11:38     SSW
22    12.3    16.3   13:39    09.1   23:53     06.0     00.0   00.01   00.9     12.7    17:32      W 
23    12.5    18.5   14:48    06.6   06:08     05.8     00.0   00.00   01.3     14.9    17:47      NW
24    12.6    18.9   13:58    07.0   03:54     05.7     00.0   00.00   00.5     10.3    20:13     NNE
25    10.0    14.4   16:28    06.0   05:08     08.3     00.0   00.00   00.3     09.2    13:25      N 
26    12.6    21.2   16:52    02.9   06:01     05.7     00.0   00.00   00.2     08.1    15:17      NE
27    16.2    21.4   14:56    11.2   06:27     02.1     00.0   00.00   00.3     11.5    10:44      E 
28    16.2    21.8   16:32    11.1   04:32     02.1     00.0   00.00   00.2     11.5    13:59     ENE
29    14.4    19.7   16:42    09.6   06:08     03.9     00.0   00.00   01.2     14.9    13:27     NNW
30    14.0    17.3   17:03    11.5   03:12     04.3     00.0   00.00   03.2     19.6    20:51     NNW
31    12.1    13.7   00:01    11.4   07:05     06.2     00.0   00.38   05.2     26.4    09:57     NNW
----------------------------------------------------------------------------------------------------------------------------------------------------------
13.4 (13.5)   25.9  day 08    -00.3  day 01   154.4    001.3   02.21   01.9     26.5   day 02     WSW
Min <=   30: 31
Max Rain: 0.69 ON 18-05-16
Days of Rain: 11 (> .008in) 5 (> .08in) 0 (> 0.8in)