MONTHLY CLIMATOLOGICAL SUMMARY for APR. 2016

NAME: Alresford Weather   CITY:  STATE: 
ELEV: 0 LAT: 050:05:15 LONG: 0001:10:11

                            TEMPERATURE ( C), RAIN (mm), WIND SPEED (mph)

                                               HEAT     COOL           AVG
      MEAN                                     DEG      DEG            WIND                       DOM
DAY   TEMP    HIGH   TIME     LOW    TIME      DAYS     DAYS    RAIN   SPEED    HIGH    TIME      DIR
----------------------------------------------------------------------------------------------------------------------------------------------------------
01    06.8    13.5   14:18   -00.4   06:34     11.5     00.0   00.00   03.5     19.6    14:39     SSW
02    10.0    14.3   13:28    07.3   21:55     08.3     00.0   00.07   04.1     19.6    11:33     SSE
03    10.4    14.2   15:21    07.4   06:19     07.9     00.0   00.14   02.5     16.1    12:14     SSE
04    09.5    12.5   16:17    07.7   07:11     08.8     00.0   00.00   02.9     20.7    15:13      S 
05    10.0    15.2   13:48    05.9   07:45     08.3     00.0   00.00   02.4     16.1    13:56     WSW
06    08.2    12.4   15:10    05.1   03:01     10.1     00.0   00.07   06.9     33.4    16:59     WSW
08    07.8    12.8   16:03    03.4   07:00     10.5     00.0   00.00   03.8     17.3    09:15     WSW
09    07.3    11.4   12:32    02.2   00:00     11.0     00.0   00.16   02.9     20.7    12:52      SW
10    07.7    12.9   15:47    01.1   02:14     10.6     00.0   00.27   05.1     25.3    17:49      E 
11    09.7    12.5   17:24    08.1   00:00     08.6     00.0   00.23   00.7     12.7    01:41     ESE
12    10.4    16.6   14:48    05.9   03:31     07.9     00.0   00.01   01.3     12.7    16:02      S 
13    09.7    18.7   14:17    01.6   05:57     08.6     00.0   00.00   00.5     11.5    15:51      SW
14    10.8    16.7   16:01    05.7   06:23     07.5     00.0   00.05   02.2     16.1    15:20     SSE
15    09.6    11.0   17:04    07.3   23:55     08.7     00.0   00.33   01.4     13.8    17:50      S 
16    05.7    09.2   18:20    02.6   00:00     12.6     00.0   00.05   02.1     17.3    11:37     NNW
17    05.9    12.1   17:56   -00.9   06:23     12.4     00.0   00.00   00.8     11.5    12:10     NNW
18    06.9    11.1   10:57    00.4   05:31     11.4     00.0   00.00   02.7     18.4    14:14      W 
19    10.7    16.1   16:04    06.2   23:59     07.6     00.0   00.00   00.7     11.5    19:51     WNW
20    10.2    17.7   16:25    04.1   05:20     08.1     00.0   00.00   01.1     16.1    19:11     ENE
21    11.6    19.1   14:52    06.2   03:51     06.7     00.0   00.00   02.9     17.3    14:04      NE
22    09.1    11.0   16:07    06.4   23:59     09.2     00.0   00.05   02.1     13.8    23:52     NNE
23    06.9    11.8   15:27    02.4   23:57     11.4     00.0   00.00   03.2     19.6    15:30      N 
24    07.0    11.4   14:33    02.1   01:41     11.3     00.0   00.00   02.2     19.6    14:39     NNW
25    07.8    12.7   15:38    04.4   03:52     10.5     00.0   00.06   03.5     19.6    17:20     WNW
26    05.4    10.3   15:24    02.5   06:38     12.9     00.0   00.08   03.5     24.1    15:27      NW
27    05.0    11.3   15:26   -00.3   06:13     13.3     00.0   00.00   01.7     18.4    17:25     WNW
28    05.8    12.2   15:22   -01.7   06:06     12.5     00.0   00.01   03.9     21.9    16:39      SW
29    07.3    11.7   16:35    03.6   23:59     11.0     00.0   00.05   05.2     20.7    15:20     WSW
30    06.4    13.7   16:20   -00.7   06:17     11.9     00.0   00.00   02.0     20.7    16:36     WNW
----------------------------------------------------------------------------------------------------------------------------------------------------------
08.3 (8.5)   19.1  day 21    -01.7  day 28   290.9    000.0   01.63   02.7     33.4   day 06     WSW
Min <=   30: 29
Max Rain: 0.33 ON 15-04-16
Days of Rain: 15 (> .008in) 5 (> .08in) 0 (> 0.8in)