MONTHLY CLIMATOLOGICAL SUMMARY for JAN. 2016

NAME: Alresford Weather   CITY:  STATE: 
ELEV: 0 LAT: 050:05:15 LONG: 0001:10:11

                            TEMPERATURE ( C), RAIN (mm), WIND SPEED (mph)

                                               HEAT     COOL           AVG
      MEAN                                     DEG      DEG            WIND                       DOM
DAY   TEMP    HIGH   TIME     LOW    TIME      DAYS     DAYS    RAIN   SPEED    HIGH    TIME      DIR
----------------------------------------------------------------------------------------------------------------------------------------------------------
01    05.5    08.9   00:00    00.6   04:32     12.8     00.0   00.25   05.0     27.6    23:50      SE
02    09.9    11.2   13:25    07.9   23:59     08.4     00.0   00.57   09.2     32.2    00:06      S 
03    07.3    09.2   12:48    05.2   05:03     11.0     00.0   00.83   04.5     34.5    09:43     SSW
04    07.4    09.3   14:53    06.0   00:46     10.9     00.0   00.10   02.6     17.3    21:20      SW
05    06.8    08.8   14:46    04.9   21:24     11.5     00.0   00.05   00.6     11.5    01:30      SE
06    05.9    08.1   23:59    04.6   18:36     12.4     00.0   00.01   01.0     21.9    23:36     ESE
07    06.7    10.1   08:02    01.4   00:00     11.6     00.0   00.44   07.5     34.5    12:16      SW
08    05.0    08.2   14:52    00.2   04:27     13.3     00.0   00.31   01.8     14.9    22:33     SSW
09    08.3    09.8   13:30    06.1   00:00     10.0     00.0   00.31   06.3     31.1    16:40      S 
11    05.2    06.7   05:13    03.5   20:55     13.1     00.0   00.02   02.9     21.9    05:12      SW
12    05.2    06.8   14:59    03.7   07:57     13.1     00.0   00.03   07.7     26.4    13:26      W 
13    04.3    07.3   14:57    00.8   08:57     14.0     00.0   00.17   02.9     18.4    19:38     WSW
14    03.0    05.5   13:11    01.3   23:59     15.3     00.0   00.02   05.4     26.4    15:32      W 
15    01.7    04.9   14:52   -00.2   07:34     16.6     00.0   00.00   02.4     19.6    12:06     WNW
16    00.8    03.7   15:03   -01.8   08:12     17.5     00.0   00.00   00.3     06.9    13:19      NW
17    02.9    05.3   23:14    01.1   08:39     15.4     00.0   00.20   02.8     14.9    18:23      E 
18    03.5    05.6   12:17   -01.1   23:59     14.8     00.0   00.01   03.7     18.4    06:07     ESE
19   -01.7    02.4   15:01   -04.3   08:32     20.0     00.0   00.00   00.0     04.6    14:00      E 
20   -01.6    04.7   14:59   -05.9   08:00     19.9     00.0   00.00   00.2     08.1    23:40      E 
21    04.6    07.9   13:26    00.3   01:15     13.7     00.0   00.01   04.2     18.4    22:17      SE
22    07.9    11.9   15:01    06.1   03:54     10.4     00.0   00.28   05.6     20.7    08:23      S 
23    07.2    09.9   12:14    02.8   07:04     11.1     00.0   00.13   03.2     16.1    19:31      S 
24    11.3    12.6   14:10    09.2   00:08     07.0     00.0   00.02   03.7     16.1    01:48     SSW
25    09.9    12.2   14:41    06.4   23:53     08.4     00.0   00.00   05.3     26.4    15:49     SSW
26    09.0    11.1   23:59    05.9   02:26     09.3     00.0   00.41   08.5     31.1    18:49      SW
27    10.5    11.9   15:20    05.9   23:59     07.8     00.0   00.47   09.3     34.5    07:46      SW
28    05.6    09.2   23:59    00.1   08:42     12.7     00.0   00.00   04.3     21.9    22:32      SW
29    10.5    11.1   15:38    09.2   00:01     07.8     00.0   00.13   10.4     31.1    05:29      SW
30    07.0    10.7   02:23    04.3   23:10     11.3     00.0   00.27   07.0     26.4    02:01     WSW
31    09.2    12.6   17:23    04.4   00:12     09.1     00.0   00.06   05.5     26.4    23:07     WSW
----------------------------------------------------------------------------------------------------------------------------------------------------------
06.0 (5.8)   12.6  day 24    -05.9  day 20   370.0    000.0   05.10   04.5     34.5   day 07      SW
Min <=   30: 30
Min <=  -5: 1
Max Rain: 0.83 ON 3-01-16
Days of Rain: 24 (> .008in) 15 (> .08in) 1 (> 0.8in)