MONTHLY CLIMATOLOGICAL SUMMARY for MAY. 2015

NAME: Alresford Weather   CITY:  STATE: 
ELEV: 0 LAT: 050:05:15 LONG: 0001:10:11

                            TEMPERATURE ( C), RAIN (mm), WIND SPEED (mph)

                                               HEAT     COOL           AVG
      MEAN                                     DEG      DEG            WIND                       DOM
DAY   TEMP    HIGH   TIME     LOW    TIME      DAYS     DAYS    RAIN   SPEED    HIGH    TIME      DIR
----------------------------------------------------------------------------------------------------------------------------------------------------------
01    09.2    12.9   15:57    05.5   00:28     09.1     00.0   00.00   02.0     14.9    08:00      NE
02    09.9    13.7   13:53    06.9   06:06     08.4     00.0   00.02   03.4     17.3    13:34      E 
03    13.6    18.3   14:37    10.4   00:03     04.7     00.0   00.30   06.3     26.4    22:38     SSW
04    13.0    16.9   12:45    09.2   06:28     05.3     00.0   00.19   03.2     18.4    01:42     SSW
05    12.8    14.6   15:44    10.8   23:50     05.5     00.0   00.03   09.4     36.8    12:47      SW
06    10.8    13.9   17:09    07.6   05:50     07.5     00.0   00.46   08.4     29.9    11:53      SW
07    11.5    16.3   13:32    07.9   06:08     06.8     00.0   00.00   03.1     19.6    14:41      SW
08    11.9    16.5   15:26    08.2   01:42     06.4     00.0   00.02   02.6     19.6    21:02     SSE
09    12.9    17.8   16:35    08.7   23:58     05.4     00.0   00.02   05.8     21.9    08:43     WSW
10    13.5    18.1   13:42    08.7   00:51     04.8     00.0   00.00   02.0     14.9    18:33     SSW
11    14.2    18.7   15:03    10.3   05:15     04.1     00.0   00.00   02.0     17.3    10:27     SSW
12    12.3    17.9   16:20    08.1   05:14     06.0     00.0   00.00   03.4     19.6    17:34      W 
13    11.8    19.9   16:52    02.0   05:59     06.5     00.0   00.00   00.4     09.2    17:16     WSW
14    09.5    10.8   17:25    07.9   01:16     08.8     00.0   00.63   01.6     18.4    10:19      SE
15    10.3    13.6   16:53    07.6   06:08     08.0     00.0   00.00   01.2     11.5    18:45     WSW
16    13.5    18.3   16:39    08.2   23:59     04.8     00.0   00.00   04.0     19.6    15:08     WNW
17    10.8    17.1   13:20    03.8   05:50     07.5     00.0   00.00   01.8     14.9    14:07     WSW
18    10.9    14.8   15:44    07.4   23:59     07.4     00.0   00.14   05.8     27.6    16:28     WSW
19    09.6    14.9   15:37    06.5   23:56     08.7     00.0   00.04   06.2     24.1    16:26     WSW
20    09.5    14.7   16:28    03.4   06:09     08.8     00.0   00.00   02.3     18.4    14:22      NW
21    11.7    19.7   16:11    03.1   04:20     06.6     00.0   00.00   01.9     16.1    14:56      W 
22    12.1    18.7   17:09    05.1   05:08     06.2     00.0   00.04   00.5     08.1    14:12      SW
23    15.6    19.9   14:13    12.1   05:46     02.7     00.0   00.00   01.0     11.5    14:41     NNE
24    14.3    17.7   14:06    10.0   06:21     04.0     00.0   00.00   01.5     12.7    15:59      W 
25    13.0    16.6   16:00    07.3   05:35     05.3     00.0   00.00   01.5     14.9    12:22      NW
26    12.4    17.4   18:00    06.5   05:58     05.9     00.0   00.00   01.3     16.1    14:52      NW
27    12.7    19.9   14:12    05.2   05:44     05.6     00.0   00.00   01.9     13.8    22:59     WSW
28    13.1    17.2   15:29    09.2   23:59     05.2     00.0   00.00   05.4     24.1    12:23      W 
29    10.6    14.3   16:38    08.3   00:00     07.7     00.0   00.21   03.9     27.6    11:44      W 
30    11.1    17.4   14:19    04.7   05:40     07.2     00.0   00.00   02.3     17.3    16:53     WSW
31    12.4    14.2   15:38    08.1   23:49     05.9     00.0   00.23   05.4     26.4    16:59     WSW
----------------------------------------------------------------------------------------------------------------------------------------------------------
12.0 (12.0)   19.9  day 27     02.0  day 13   196.6    000.0   02.33   03.3     36.8   day 06     WSW
Min <=   30: 31
Max Rain: 0.63 ON 14-05-15
Days of Rain: 13 (> .008in) 7 (> .08in) 0 (> 0.8in)