MONTHLY CLIMATOLOGICAL SUMMARY for SEP. 2014

NAME: Alresford Weather   CITY:  STATE: 
ELEV: 0 LAT: 050:05:15 LONG: 0001:10:11

                            TEMPERATURE ( C), RAIN (mm), WIND SPEED (mph)

                                               HEAT     COOL           AVG
      MEAN                                     DEG      DEG            WIND                       DOM
DAY   TEMP    HIGH   TIME     LOW    TIME      DAYS     DAYS    RAIN   SPEED    HIGH    TIME      DIR
----------------------------------------------------------------------------------------------------------------------------------------------------------
01    15.4    18.5   16:52    10.6   04:05     02.9     00.0   00.12   00.7     11.5    12:34     WSW
02    16.3    22.5   16:46    11.4   06:42     02.0     00.0   00.01   00.2     10.3    12:37      SE
03    17.3    23.6   15:36    12.1   02:54     01.0     00.0   00.00   00.3     10.3    14:24     ESE
04    17.4    21.8   13:41    13.8   00:36     00.9     00.0   00.00   00.3     16.1    12:14      E 
05    17.7    20.1   13:26    16.3   06:27     00.6     00.0   00.00   00.0     08.1    15:00     ESE
06    17.4    22.2   16:48    13.1   23:58     00.9     00.0   00.00   00.1     06.9    15:30     SSW
07    15.6    21.6   16:36    10.8   04:34     02.7     00.0   00.00   00.1     08.1    14:09     SSE
08    14.7    21.8   17:15    09.5   03:47     03.6     00.0   00.00   00.1     09.2    14:08      E 
09    14.6    22.2   15:32    07.9   06:45     03.7     00.0   00.00   00.3     09.2    10:45     SSW
10    10.3    12.4   00:03    10.1   00:00     08.0     00.0   00.00   00.0     00.0    00:00      S 
11    10.1    10.1   00:00    10.1   00:00     08.2     00.0   00.00   00.0     00.0    00:00      S 
12    10.1    10.1   00:00    10.1   00:00     08.2     00.0   00.00   00.0     00.0    00:00      S 
13    14.9    21.4   16:46    10.1   08:17     03.4     00.0   00.00   00.3     10.3    13:15      E 
14    16.1    22.1   16:04    11.9   03:49     02.2     00.0   00.00   00.5     12.7    13:51      NE
15    16.4    21.5   17:07    12.3   23:59     01.9     00.0   00.00   00.3     10.3    11:48     ENE
16    17.2    24.4   15:18    10.7   02:50     01.1     00.0   00.00   00.8     13.8    13:02      E 
17    17.5    20.9   16:08    14.6   06:32     00.8     00.0   00.00   00.6     11.5    13:13      NE
18    19.0    24.4   16:31    15.3   06:44     00.0     00.7   00.00   00.4     10.3    15:03      E 
19    19.1    24.1   16:47    17.0   07:00     00.0     00.8   00.09   00.0     05.8    14:19     SSW
20    17.6    19.6   15:10    14.8   23:59     00.7     00.0   00.00   00.2     10.3    18:19      SE
21    14.6    18.3   13:44    09.3   23:58     03.7     00.0   00.00   00.9     14.9    10:30      N 
22    10.9    18.9   16:28    03.4   07:29     07.4     00.0   00.00   00.3     09.2    12:21      N 
23    11.0    18.1   15:40    04.8   07:19     07.3     00.0   00.00   00.5     09.2    16:06     SSW
24    13.3    18.6   16:12    07.6   23:59     05.0     00.0   00.05   01.5     16.1    14:24     WNW
25    12.0    20.4   15:48    03.2   07:19     06.3     00.0   00.00   01.9     13.8    13:14     WSW
26    16.4    20.7   17:12    13.2   23:59     01.9     00.0   00.01   01.3     12.7    12:03      W 
27    15.4    21.3   12:33    09.9   05:19     02.9     00.0   00.00   00.4     11.5    12:34     WSW
28    16.5    22.9   15:22    11.2   07:42     01.8     00.0   00.00   00.5     11.5    13:10     SSW
29    15.3    19.7   16:19    12.1   08:17     03.0     00.0   00.00   00.5     12.7    15:08     SSW
30    16.9    21.7   16:03    14.9   07:25     01.4     00.0   00.00   00.9     11.5    16:12      SW
----------------------------------------------------------------------------------------------------------------------------------------------------------
15.2 (15.6)   24.4  day 18     03.2  day 25   093.3    001.5   00.28   00.5     16.1   day 25      S 
Min <=   30: 30
Max Rain: 0.12 ON 1-09-14
Days of Rain: 5 (> .008in) 2 (> .08in) 0 (> 0.8in)