MONTHLY CLIMATOLOGICAL SUMMARY for DEC. 2013

NAME:    CITY:  STATE: 
ELEV:  LAT:  LONG: 

                            TEMPERATURE ( C), RAIN (mm), WIND SPEED (kn)

                                               HEAT     COOL           AVG
      MEAN                                     DEG      DEG            WIND                       DOM
DAY   TEMP    HIGH   TIME     LOW    TIME      DAYS     DAYS    RAIN   SPEED    HIGH    TIME      DIR
----------------------------------------------------------------------------------------------------------------------------------------------------------
01    03.8    08.1   15:43   -01.0   03:27     14.5     00.0   00.00   00.0     03.0    23:12     ENE
02    06.6    09.3   12:38    03.7   23:14     11.7     00.0   00.00   00.1     05.0    16:01      E 
03    05.1    05.8   13:20    03.9   00:01     13.2     00.0   00.00   00.2     07.0    17:02     NNW
04    04.6    08.0   14:16   -02.1   00:00     13.7     00.0   00.00   00.7     11.0    15:08      NW
05    04.2    10.2   16:35   -03.8   05:11     14.1     00.0   00.02   05.1     30.0    14:01      W 
06    04.8    08.3   14:20    01.0   09:12     13.5     00.0   00.00   01.4     18.0    13:05     WNW
07    06.3    09.0   13:25    01.8   01:01     12.0     00.0   00.00   01.5     10.0    13:36     WSW
08    07.2    11.0   13:36    03.2   05:32     11.1     00.0   00.01   02.5     15.0    13:19      SW
09    05.3    09.8   14:36    00.0   00:00     13.0     00.0   00.01   00.6     10.0    12:28      SW
10    04.2    09.6   14:09   -00.8   04:23     14.1     00.0   00.00   00.7     10.0    11:48     SSW
11    03.3    09.1   14:03   -02.5   08:50     15.0     00.0   00.01   00.7     10.0    20:00     SSE
12    07.7    09.8   23:59    02.8   02:46     10.6     00.0   00.01   01.6     14.0    18:34     SSE
13    10.6    11.0   07:32    09.8   00:01     07.7     00.0   00.00   04.1     11.0    09:04      S 
14    10.8    10.8   00:00    10.8   00:00     07.5     00.0   00.00   05.0     03.0    00:00      S 
15    10.8    10.8   00:00    10.8   00:00     07.5     00.0   00.00   05.0     03.0    00:00      S 
16    10.8    10.8   00:00    10.8   00:00     07.5     00.0   00.00   05.0     03.0    00:00      S 
17    10.8    10.8   00:00    10.8   00:00     07.5     00.0   00.00   05.0     03.0    00:00      S 
18    10.8    10.8   00:00    10.8   00:00     07.5     00.0   00.00   05.0     03.0    00:00      S 
19    10.8    10.8   00:00    10.8   00:00     07.5     00.0   00.00   05.0     03.0    00:00      S 
20    08.5    10.8   06:04    03.0   08:45     09.8     00.0   00.02   06.0     30.0    23:52     SSW
21    10.3    11.3   19:08    08.2   23:48     08.0     00.0   00.63   09.4     33.0    19:38      SW
22    07.5    09.6   13:12    04.1   23:51     10.8     00.0   00.05   05.2     27.0    06:45      SW
23    09.2    11.4   23:20    04.1   00:01     09.1     00.0   01.21   08.6     40.0    22:26     SSW
24    07.5    11.3   01:23    04.2   00:00     10.8     00.0   00.50   05.9     39.0    01:20      SW
25    04.1    05.5   10:53    02.8   08:50     14.2     00.0   00.24   01.5     15.0    02:31      SW
26    02.9    07.3   21:57   -00.4   06:39     15.4     00.0   00.05   01.8     29.0    22:02     SSW
27    08.6    11.0   04:02    05.4   00:00     09.7     00.0   00.26   08.0     36.0    03:44      SW
28    04.4    07.4   13:31   -00.1   00:00     13.9     00.0   00.00   01.6     11.0    13:30      SW
29    02.3    08.6   00:00   -02.5   08:09     16.0     00.0   00.01   01.3     17.0    22:37     SSW
30    08.4    09.9   06:27    05.7   21:05     09.9     00.0   00.37   06.4     29.0    10:23     SSW
31    07.6    10.1   10:28    05.0   18:22     10.7     00.0   00.22   04.9     21.0    05:26      S 
----------------------------------------------------------------------------------------------------------------------------------------------------------
07.1 (6.7)   11.4  day 23    -03.8  day 05   347.4    000.0   03.62   03.5     40.0   day 27     SSW
Min <=   30: 31
Max Rain: 1.21 ON 23-12-14
Days of Rain: 16 (> .008in) 7 (> .08in) 1 (> 0.8in)