MONTHLY CLIMATOLOGICAL SUMMARY for AUG. 2012

NAME:    CITY:  STATE: 
ELEV:  LAT:  LONG: 

                            TEMPERATURE ( C), RAIN (mm), WIND SPEED (kn)

                                               HEAT     COOL           AVG
      MEAN                                     DEG      DEG            WIND                       DOM
DAY   TEMP    HIGH   TIME     LOW    TIME      DAYS     DAYS    RAIN   SPEED    HIGH    TIME      DIR
----------------------------------------------------------------------------------------------------------------------------------------------------------
01    17.2    23.1   15:17    13.9   05:56     01.1     00.0   00.00   01.8     14.0    15:43      S 
02    17.1    20.9   17:15    13.7   06:33     01.2     00.0   00.03   03.3     17.0    16:54      SW
03    16.7    21.5   15:22    12.6   04:24     01.6     00.0   00.05   02.3     18.0    12:08      SW
04    16.6    20.3   15:27    13.6   00:00     01.7     00.0   00.06   01.9     15.0    18:23     SSW
05    17.1    22.2   15:10    12.4   03:45     01.2     00.0   00.05   01.6     14.0    15:16     SSW
06    16.1    20.5   14:03    13.2   07:07     02.2     00.0   00.11   01.8     14.0    18:25     WSW
07    14.5    17.8   16:19    09.7   05:51     03.8     00.0   00.03   01.7     13.0    10:52      SW
08    18.5    22.2   17:42    15.8   00:16     00.0     00.2   00.01   00.7     08.0    15:55     WSW
09    20.1    27.8   15:42    13.6   07:00     00.0     01.8   00.00   00.3     07.0    18:46      W 
10    19.2    27.2   13:23    11.4   06:17     00.0     00.9   00.00   00.5     08.0    16:37      S 
11    18.8    24.5   15:53    13.1   05:39     00.0     00.5   00.00   01.7     16.0    14:12     ESE
12    19.1    24.7   16:23    15.2   06:02     00.0     00.8   00.00   01.4     10.0    19:05      S 
13    18.1    22.2   12:44    15.4   01:24     00.2     00.0   00.34   01.5     12.0    13:34     SSE
14    19.5    24.1   14:50    15.5   05:35     00.0     01.2   00.00   01.4     13.0    12:50     SSE
15    18.5    20.5   09:25    16.6   22:02     00.0     00.2   00.31   02.9     19.0    17:39      S 
16    18.4    22.1   16:50    16.4   02:43     00.0     00.1   00.00   03.3     18.0    00:21     SSW
17    21.5    27.8   16:34    16.6   06:06     00.0     03.2   00.04   02.7     17.0    13:33     SSE
18    21.5    27.6   17:45    15.7   06:59     00.0     03.2   00.00   01.1     10.0    13:48     SSW
19    22.0    30.2   15:33    14.9   07:34     00.0     03.7   00.00   01.0     11.0    19:07      SW
20    19.7    25.6   17:06    15.6   02:51     00.0     01.4   00.00   01.1     11.0    15:14      SW
21    17.3    21.8   17:11    14.2   06:32     01.0     00.0   00.00   01.4     13.0    18:44      SW
22    16.2    22.1   15:34    11.8   06:18     02.1     00.0   00.01   02.3     15.0    17:33     WSW
23    15.6    21.7   12:59    09.9   06:26     02.7     00.0   00.00   00.8     10.0    14:51     WSW
24    15.6    19.4   12:34    12.7   04:43     02.7     00.0   00.19   01.9     15.0    16:56     SSE
25    16.3    20.9   14:09    13.7   00:00     02.0     00.0   00.25   03.3     15.0    14:55     WSW
26    15.7    20.8   15:24    11.6   07:21     02.6     00.0   00.00   02.5     12.0    15:18      W 
27    16.6    21.4   14:58    11.6   03:47     01.7     00.0   00.14   02.1     17.0    15:00      S 
28    17.2    22.2   15:29    13.0   07:16     01.1     00.0   00.05   02.5     15.0    16:03      SW
29    15.3    18.7   10:31    13.2   14:52     03.0     00.0   00.28   02.6     19.0    12:02     SSW
30    14.8    18.9   17:30    10.6   00:00     03.5     00.0   00.10   03.1     20.0    11:45     WNW
31    12.7    18.1   16:53    05.5   07:15     05.6     00.0   00.00   01.5     13.0    13:08      NW
----------------------------------------------------------------------------------------------------------------------------------------------------------
17.5 (17.9)   30.2  day 19     05.5  day 31   041.0    017.2   02.05   01.9     20.0   day 30      SW
Max >=  30: 1
Min <=   30: 31
Max Rain: 0.34 ON 13-08-12
Days of Rain: 17 (> .008in) 8 (> .08in) 0 (> 0.8in)