MONTHLY CLIMATOLOGICAL SUMMARY for FEB. 2012

NAME:    CITY:  STATE: 
ELEV:  LAT:  LONG: 

                            TEMPERATURE ( C), RAIN (mm), WIND SPEED (kn)

                                               HEAT     COOL           AVG
      MEAN                                     DEG      DEG            WIND                       DOM
DAY   TEMP    HIGH   TIME     LOW    TIME      DAYS     DAYS    RAIN   SPEED    HIGH    TIME      DIR
----------------------------------------------------------------------------------------------------------------------------------------------------------
01    00.3    02.9   15:06   -02.0   00:00     18.0     00.0   00.00   03.1     17.0    12:39     NNE
02   -01.4    01.5   14:28   -04.6   00:00     19.7     00.0   00.00   02.5     15.0    09:36     NNE
03   -03.2    01.2   15:21   -06.7   00:00     21.5     00.0   00.00   00.4     09.0    11:10      N 
04   -02.6    02.7   15:05   -09.1   06:56     20.9     00.0   00.11   02.5     15.0    23:47      S 
05    02.0    03.0   15:46    00.9   00:00     16.3     00.0   00.29   01.7     19.0    01:01      N 
06    02.1    04.0   14:20    00.7   03:51     16.2     00.0   00.01   00.1     03.0    21:09     ENE
07    00.6    03.9   14:27   -03.7   23:34     17.7     00.0   00.00   00.9     12.0    20:26     NNE
08   -00.7    00.3   16:16   -03.6   00:01     19.0     00.0   00.00   01.8     11.0    11:21     NNE
09   -00.5    00.7   14:38   -01.8   09:07     18.8     00.0   00.00   00.3     07.0    08:45     NNW
10   -00.3    02.3   11:24   -05.1   00:00     18.6     00.0   00.05   01.4     13.0    11:40     ESE
11   -03.7    01.8   14:52   -08.0   08:01     22.0     00.0   00.01   00.2     07.0    10:47     ENE
12   -00.4    05.1   14:07   -07.8   03:56     18.7     00.0   00.00   00.6     10.0    16:44      N 
13    04.6    07.1   16:35    02.5   08:37     13.7     00.0   00.01   02.4     16.0    22:47      NW
14    06.3    08.7   15:48    03.7   08:02     12.0     00.0   00.00   03.8     18.0    19:46     NNW
15    08.4    10.8   14:59    06.3   06:24     09.9     00.0   00.00   04.8     21.0    04:56     NNW
16    08.0    10.7   14:14    06.1   22:10     10.3     00.0   00.00   02.7     16.0    00:08     WNW
17    09.1    11.3   14:41    06.6   00:01     09.2     00.0   00.00   03.0     17.0    19:40     WSW
18    07.0    10.7   12:32    01.7   23:57     11.3     00.0   00.09   05.9     30.0    11:21     WSW
19    02.1    07.2   14:47   -01.6   22:57     16.2     00.0   00.00   01.6     14.0    12:09      NW
20    02.4    08.7   14:15   -04.4   07:21     15.9     00.0   00.00   01.9     11.0    15:26      SW
21    07.9    11.3   12:59    04.7   00:07     10.4     00.0   00.00   03.9     16.0    14:16      SW
22    08.4    10.6   00:00    07.5   07:17     09.9     00.0   00.04   06.4     21.0    16:52      SW
23    11.8    15.6   15:12    10.1   00:00     06.5     00.0   00.01   03.8     14.0    13:38      W 
24    10.4    13.3   13:30    09.0   08:06     07.9     00.0   00.00   03.4     15.0    13:47      W 
25    08.2    12.2   15:28    01.8   00:00     10.1     00.0   00.01   00.9     10.0    15:58      NW
26    05.6    12.8   16:36   -00.6   07:39     12.7     00.0   00.00   00.5     08.0    19:58      W 
27    08.7    11.3   15:36    05.4   00:15     09.6     00.0   00.02   02.5     12.0    10:22     WSW
28    09.9    11.2   13:20    08.5   00:00     08.4     00.0   00.00   01.8     09.0    04:19      W 
29    09.6    12.4   15:36    06.7   23:54     08.7     00.0   00.00   00.7     07.0    13:55     SSW
----------------------------------------------------------------------------------------------------------------------------------------------------------
04.2 (4.1)   15.6  day 23    -09.1  day 04   410.1    000.0   00.65   02.3     30.0   day 18      W 
Min <=   30: 29
Min <=  -5: 5
Max Rain: 0.29 ON 5-02-12
Days of Rain: 11 (> .008in) 3 (> .08in) 0 (> 0.8in)