MONTHLY CLIMATOLOGICAL SUMMARY for JUL. 2011

NAME:    CITY:  STATE: 
ELEV:  LAT:  LONG: 

                            TEMPERATURE ( C), RAIN (mm), WIND SPEED (kn)

                                               HEAT     COOL           AVG
      MEAN                                     DEG      DEG            WIND                       DOM
DAY   TEMP    HIGH   TIME     LOW    TIME      DAYS     DAYS    RAIN   SPEED    HIGH    TIME      DIR
----------------------------------------------------------------------------------------------------------------------------------------------------------
01    14.6    19.6   17:40    07.4   05:43     03.7     00.0   00.00   00.7     10.0    15:21      NW
02    16.3    21.8   16:36    11.0   05:36     02.0     00.0   00.00   00.8     10.0    13:54     SSW
03    16.3    23.3   13:09    07.8   05:43     02.0     00.0   00.00   00.6     07.0    10:45     WNW
04    17.4    24.4   15:25    09.3   05:45     00.9     00.0   00.00   01.2     11.0    16:16      S 
05    15.5    23.9   11:53    08.6   05:02     02.8     00.0   00.08   01.3     10.0    23:09      S 
06    15.3    18.6   16:15    12.6   03:44     03.0     00.0   00.03   04.5     21.0    19:52      SW
07    15.1    19.2   16:06    13.1   00:00     03.2     00.0   00.29   02.9     21.0    03:10     SSW
08    14.9    17.9   14:07    12.5   06:12     03.4     00.0   00.13   03.6     23.0    11:47      SW
09    15.3    19.7   18:21    12.1   05:37     03.0     00.0   00.21   02.4     13.0    13:21      SW
10    15.9    20.4   17:15    12.2   03:17     02.4     00.0   00.00   01.2     09.0    18:17     WSW
11    17.0    24.1   16:16    08.0   06:03     01.3     00.0   00.00   00.7     08.0    17:07      NW
12    16.7    20.7   15:49    14.0   04:42     01.6     00.0   00.00   00.8     15.0    15:52     NNE
13    15.0    18.7   17:46    11.3   06:07     03.3     00.0   00.00   01.6     15.0    12:33     NNW
14    16.1    23.1   16:58    08.7   06:19     02.2     00.0   00.00   01.8     13.0    18:05      NW
15    15.8    23.2   14:02    08.1   05:34     02.5     00.0   00.04   02.0     17.0    15:06      SW
16    15.5    19.7   15:37    12.3   23:51     02.8     00.0   00.39   03.6     21.0    14:59      SW
17    14.5    18.1   17:23    12.1   01:54     03.8     00.0   00.41   04.9     23.0    13:33     WSW
18    13.4    15.2   14:24    11.9   00:00     04.9     00.0   00.73   03.7     15.0    01:44     WSW
19    14.2    20.2   16:35    09.1   05:09     04.1     00.0   00.11   00.8     11.0    17:18      W 
20    14.2    16.6   10:18    12.2   05:27     04.1     00.0   00.05   00.5     09.0    10:37     SSW
21    15.2    19.1   16:23    12.6   06:08     03.1     00.0   00.02   00.6     11.0    16:24      N 
22    15.2    20.0   13:16    09.9   06:10     03.1     00.0   00.00   01.4     10.0    22:55      NW
23    15.2    19.8   18:39    11.3   07:11     03.1     00.0   00.00   02.2     15.0    18:54     WNW
24    15.6    21.2   17:03    09.0   06:03     02.7     00.0   00.00   02.7     17.0    18:23      W 
25    17.2    23.9   16:42    08.4   06:49     01.1     00.0   00.00   01.6     12.0    14:10     WNW
26    17.4    21.2   16:08    14.1   06:07     00.9     00.0   00.00   00.3     08.0    11:45      NW
27    17.6    20.6   17:35    14.2   02:49     00.7     00.0   00.00   00.6     10.0    14:00     NNW
28    18.2    25.6   16:35    10.7   06:04     00.1     00.0   00.00   00.6     10.0    12:20      N 
29    16.8    20.3   15:41    12.3   04:43     01.5     00.0   00.00   00.2     06.0    18:34      NE
30    17.1    21.9   18:05    13.8   00:00     01.2     00.0   00.00   00.7     08.0    17:47     WNW
31    17.9    24.1   16:03    12.2   04:36     00.4     00.0   00.00   02.1     14.0    14:20     SSE
----------------------------------------------------------------------------------------------------------------------------------------------------------
15.9 (16.0)   25.6  day 28     07.4  day 01   074.9    000.0   02.49   01.7     23.0   day 17     WSW
Min <=   30: 31
Max Rain: 0.73 ON 18-07-11
Days of Rain: 12 (> .008in) 7 (> .08in) 0 (> 0.8in)